est common factor of 118 and z.
59
Let g be 6/36 - 29/(-6). Suppose 0 = 3*c - g*c + 10. Let b be (-4)/38 - (3 + 154/(-19)). What is the greatest common factor of c and b?
5
Suppose -42 + 16 = -13*o. Calculate the greatest common divisor of o and 24.
2
Let r(i) = i**3 + 7*i**2 - 9. Let o be r(-7). Let t be 4/(-2)*(-4 + o). Calculate the highest common divisor of t and 26.
26
Let y(v) = -63*v + 453. Let q be y(5). What is the greatest common divisor of q and 6?
6
Let x = -342 + 914. What is the highest common divisor of x and 44?
44
Suppose 7*f - 5 = 121. Calculate the greatest common factor of f and 126.
18
Suppose 0 = -n - 1, 0 = -8*i + 3*i - 3*n + 2462. What is the greatest common factor of i and 29?
29
Let j(z) = 3*z**3 - 4*z**2 + 6*z - 3. Let a be j(3). Suppose -o + 2*n - 14 + a = 0, -3*o - 2*n = -130. What is the greatest common factor of 4 and o?
4
Let p(r) = 6*r**2 - r. Let j be p(5). Suppose 6*t - t - j = 0. Suppose -2*c + z + t = 0, -5*c - z = -c - 67. What is the greatest common divisor of 40 and c?
8
Suppose 8*m - 11*m + 30 = 0. Let q(w) = -w**2 + 10*w + 8. Let j be q(m). What is the greatest common divisor of 12 and j?
4
Suppose 53 - 29 = 4*r. Let m = -12 + 18. What is the highest common divisor of r and m?
6
Suppose 304 = -12*j + 8*j. Let z = j - -108. Suppose 0 = -5*d - t + 28, 3*d - 8*d + t = -z. What is the highest common divisor of 6 and d?
6
Let k be (-38)/(-3)*6/4. Calculate the highest common factor of k and 1.
1
Let m be (1/(-4) + ((-1500)/(-80) - 20))*-20. Let b be (-1)/(-3) + (-17)/(-3). What is the greatest common factor of b and m?
6
Suppose -5*h - 12*h = h - 270. Suppose -13 - 35 = -4*a. What is the highest common factor of a and h?
3
Suppose 0 = 7*z - 996 - 467. Suppose 2*h + 5*f = 18, -h + 22 = h + 4*f. Calculate the highest common factor of z and h.
19
Let m(r) = 6*r + 105. Let g be m(8). Calculate the greatest common factor of g and 34.
17
Let o(p) = 4*p + 5. Let n(z) = 5*z + 4. Let r(h) = -3*n(h) + 2*o(h). Let q be r(-1). What is the greatest common divisor of 5 and q?
5
Let x be 1/15 - (-1162)/1245. Calculate the greatest common divisor of x and 43.
1
Let g be (-1 - -32)*1 - -2. Let r be (-4353)/(-5) + (12/15)/2. Suppose -t - u = -293, -u = -3*t - 6*u + r. What is the highest common factor of g and t?
33
Let x = 170 - 150. Calculate the highest common factor of 260 and x.
20
Let x(j) be the first derivative of -2*j**2 - 5*j - 1/4*j**4 - 6 - 17/3*j**3. Let p be x(-17). Calculate the highest common divisor of p and 42.
21
Let h = -8 + 10. Let m be h/8 - (-284)/16. Calculate the highest common divisor of 3 and m.
3
Suppose -11 = -7*y - 4. Let g(m) = m**2 + 2*m - 1. Let d be g(1). Let h be d/(-6)*(-42)/2. What is the greatest common factor of y and h?
1
Suppose -4*f + 242 = 2*y, 2*f - 5*y = -f + 214. Suppose -3*d - 2*n + f = 2*n, -3*n = -9. Let b = 4 + d. What is the greatest common divisor of 14 and b?
7
Let j = -10 - -12. Suppose 9 = j*s - 235. Suppose 0 = -x + 2*y + 48, -s = -3*x - 7*y + 2*y. What is the greatest common factor of 4 and x?
4
Let f be (-4)/((-3)/(21/2)) - (-208 + 210). Let m(r) = r**3 + r + 24. Let w be m(0). Calculate the highest common divisor of f and w.
12
Let y = -280 - -306. What is the greatest common divisor of 13 and y?
13
Suppose n - 5*l = -32 + 45, -9 = -5*n - 3*l. Suppose -7 = -3*h + 11. What is the greatest common factor of h and n?
3
Suppose 2*s = 3*h + 21 - 196, 0 = 5*h + 4*s - 299. What is the greatest common divisor of 1 and h?
1
Suppose -92 = -4*y + 428. Let l be 2/(-6) + 6437/123. What is the greatest common factor of l and y?
26
Let r be 728/6*3/2. Suppose 0 = 16*n - 4*n - 264. Suppose -24*s = -n*s - 52. Calculate the greatest common divisor of r and s.
26
Let f(t) = 3*t - 22. Let c be f(9). What is the greatest common divisor of 3 and c?
1
Suppose 0 = -3*f - 7*f + 80. Let q be 3434/136 + 6/f. Let w be (1 - 2)/((-1)/65). Calculate the greatest common divisor of w and q.
13
Let l(h) = -h**2 - 19*h - 40. Let d be l(-13). What is the highest common factor of d and 342?
38
Let v = 376 + 213. Calculate the greatest common factor of 31 and v.
31
Let i = -598 - -889. Let z = i + -116. What is the greatest common factor of 25 and z?
25
Let u = 0 - -105. Suppose 124*s - 119*s = u. Calculate the greatest common divisor of s and 189.
21
Suppose 0 = 4*j + 4*k - 376, j + 2*k = 57 + 36. Calculate the highest common divisor of 209 and j.
19
Suppose 4*o - 8*d - 304 = -12*d, -3*o = d - 230. Calculate the greatest common divisor of o and 55.
11
Let h be 10/4*88/55. Let q(s) = 4*s - 8. Let y be q(h). Calculate the greatest common divisor of y and 4.
4
Let q = -83 + 842. What is the highest common factor of q and 33?
33
Let u be (8/2 - 0)*5. Suppose -p + 96 = 15*p. Let v be ((-56)/u)/(p/(-15)). What is the highest common divisor of v and 56?
7
Let q = -1923 - -3173. Calculate the highest common factor of q and 50.
50
Let d = -1069 + 1082. Suppose 13*f - 260 = 12*f. What is the highest common divisor of d and f?
13
Let x be (-9)/((-18)/(-8)) - -8. Let s be 90/x*(-50)/(-15). Calculate the highest common factor of 30 and s.
15
Let w(o) = 5*o**3 - 4*o**2 - 4*o + 9. Let y be w(3). What is the highest common divisor of y and 18?
6
Let o be (-592)/(-80) + (-80)/(-50). Let v be ((-9)/(-4))/(3/36). What is the highest common divisor of o and v?
9
Let y = -521 - -522. Calculate the greatest common factor of 81 and y.
1
Let d = -60 - -812. What is the highest common factor of 94 and d?
94
Suppose -w = -b - 475, 6*w - 2375 = w - b. What is the highest common factor of 570 and w?
95
Let s = -521 - -1115. What is the greatest common factor of s and 54?
54
Suppose -3*f = -5*r - 325, 5*f + 3*r = 6*f - 103. What is the greatest common divisor of f and 207?
23
Suppose 82*m = -2146 + 7722. Let h = -20 - -71. Calculate the highest common factor of m and h.
17
Let g = 15 - 4. Let f = -32 + 64. Suppose -4*q + 56 = -f. Calculate the greatest common factor of g and q.
11
Suppose -2*p + 4*f - 95 + 871 = 0, 5*f - 1578 = -4*p. Calculate the highest common divisor of 490 and p.
98
Suppose 2*m = -3*m - 115. Let i = m - -46. Calculate the highest common divisor of i and 23.
23
Let m(q) = q**3 - 4*q**2 + 4*q - 1. Let k be m(3). Suppose l - k = 14. Let h = 387 + -211. What is the greatest common divisor of h and l?
16
Suppose 0 = -2*a - 2*j - 20, 5*a + 0*j + 50 = -2*j. Let g = a + 12. Suppose -g*h = -0*h - 8. What is the greatest common factor of h and 1?
1
Let x(u) = u - 4. Let q be x(6). Suppose q*y + y = 81. Let v = -2337 - -2346. What is the greatest common divisor of v and y?
9
Let a = -272 - -282. What is the greatest common divisor of a and 610?
10
Let s be 3/((6/(-38))/(-3)). Suppose 52 - 162 = -11*b. Let x be (-4)/b + 768/20. What is the greatest common divisor of x and s?
19
Let d = 840 - 114. What is the highest common divisor of d and 11?
11
Suppose -5*x + 5271 + 2194 = 0. Suppose u - 2 = 0, 3*a + 2*a = -4*u + x. Calculate the greatest common divisor of a and 33.
33
Let z(f) = -2*f + 37. Let d(v) = 3*v - 38. Let p be 45/18 - (-6)/4. Let r(c) = p*z(c) + 3*d(c). Let x be r(0). Calculate the greatest common factor of 51 and x.
17
Let y be (3/4)/((114/(-120))/(-19)). Calculate the highest common factor of 60 and y.
15
Let q(n) = 33*n**2 + 9*n + 58. Let d be q(-6). What is the highest common divisor of 8 and d?
8
Let i(n) = -3*n**3 - n**2 - 6*n - 4. Let z be (-64)/80*((-15)/2)/(-3). Let w be i(z). What is the highest common divisor of 2 and w?
2
Let x be ((-9)/6 - -6)/((-15)/(-200)). Calculate the greatest common factor of x and 1620.
60
Suppose -5*i + j = -342, i = 3*j - 34 + 108. What is the highest common divisor of i and 442?
34
Let s = -1001 + 1030. Calculate the greatest common factor of 551 and s.
29
Suppose -652*a = -650*a - 112. Calculate the highest common divisor of 72 and a.
8
Suppose 0 = 4*o - 250 + 74. Suppose -3*h - h + 792 = 2*h. Calculate the greatest common divisor of o and h.
44
Let i = 242 + -182. What is the highest common divisor of i and 450?
30
Suppose 5*m = -2*c + 785, -3*m + 8*m = 4*c - 1555. Calculate the highest common factor of c and 26.
26
Let d(p) = p + 1. Let r be d(8). Suppose r*n + n - 960 = 0. What is the highest common divisor of 12 and n?
12
Let q be (-2)/(4/(-10)) + 0 + -2. Let a b